


{"id":8,"date":"2020-02-29T15:37:44","date_gmt":"2020-02-29T14:37:44","guid":{"rendered":"http:\/\/127.0.0.1:8080\/rstudio\/?page_id=8"},"modified":"2025-07-20T12:31:22","modified_gmt":"2025-07-20T10:31:22","slug":"contatti","status":"publish","type":"page","link":"http:\/\/rorschachstudio.it\/rstudio\/contatti\/","title":{"rendered":"Contatti"},"content":{"rendered":"\n<script type=\"text\/javascript\">\r\nfunction findGetParameter(parameterName) {\r\n    var result = null,\r\n        tmp = [];\r\n    location.search\r\n        .substr(1)\r\n        .split(\"&\")\r\n        .forEach(function (item) {\r\n          tmp = item.split(\"=\");\r\n          if (tmp[0] === parameterName) result = decodeURIComponent(tmp[1]);\r\n        });\r\n    return result;\r\n}\r\n\r\njQuery(document).ready ( function() {\r\n  if (window.location.search.substr(1) == \"\") {\r\n\t  console.log(\"No GET\");\r\n    return;\r\n  }\r\n  \r\n  \/*\r\n\tTODO FIND OUT PERCHE' NON FUNZIONA getElementById \r\n\tperch\u00e9 cos\u00ec sto codice non si pu\u00f2 ved\u00e8\r\n  *\/\r\n  let inputs = document.getElementsByTagName(\"input\");\r\n  inputs[4].value = findGetParameter(\"userEmail\");\r\n  document.getElementsByTagName(\"textarea\")[0].value = \r\n     decodeURIComponent(findGetParameter(\"body\")).replace(\/\\+\/g,' ');\r\n  document.getElementsByTagName(\"select\")[0].options[1].selected = true;\r\n});\r\n<\/script>\n\n\n\n<div class=\"col-md-12\" style=\"border: 1px solid var(--wp--preset--color--vivid-red); color: var(--wp--preset--color--vivid-red); background-color: #ffbbbb\">\n<h3>Hai controllato lo spam?<\/h3>\n<p style=\" font-size: var(--wp--preset--font-size--small) !important\">Noi di <em>Studio Rorschach<\/em> rispondiamo <strong>sempre<\/strong> alle email. Se entro 7 giorni non hai ricevuto una risposta, <strong>controlla la casella dello spam . Potresti aver gi\u00e0 ricevuto la tua risposta!<\/strong><\/p><strong>\n<\/strong><\/div>\n\n\n\n<div class=\"col-md-12\" style=\"border: 1px solid var(--wp--preset--color--vivid-red); color: black; background-color: yellow\">\n<h3>Siamo in ferie<\/h3>\n<p style=\" font-size: var(--wp--preset--font-size--small) !important\">Persino noi di <em>Studio Rorschach<\/em> dobbiamo andare in ferie ogni tanto. Le risposte potrebbero subire ritardi rispetto al nostro ritmo usuale.<\/p><\/div>\n\n\n\n<div class=\"wpforms-container wpforms-container-full\" id=\"wpforms-225\"><form id=\"wpforms-form-225\" class=\"wpforms-validate wpforms-form\" data-formid=\"225\" method=\"post\" enctype=\"multipart\/form-data\" action=\"\/rstudio\/wp-json\/wp\/v2\/pages\/8\" data-token=\"873cc910bc5534939801b8cfd02b8b63\" data-token-time=\"1777469979\"><noscript class=\"wpforms-error-noscript\">Abilita JavaScript nel browser per completare questo modulo.<\/noscript><div class=\"wpforms-field-container\"><div id=\"wpforms-225-field_0-container\" class=\"wpforms-field wpforms-field-name\" data-field-id=\"0\"><label class=\"wpforms-field-label wpforms-label-hide\" for=\"wpforms-225-field_0\">Come ti chiami? <span class=\"wpforms-required-label\">*<\/span><\/label><div class=\"wpforms-field-row wpforms-field-medium\"><div class=\"wpforms-field-row-block wpforms-first wpforms-one-half\"><input type=\"text\" id=\"wpforms-225-field_0\" class=\"wpforms-field-name-first wpforms-field-required\" name=\"wpforms[fields][0][first]\" placeholder=\"Nome*\" required><label for=\"wpforms-225-field_0\" class=\"wpforms-field-sublabel after wpforms-sublabel-hide\">Nome<\/label><\/div><div class=\"wpforms-field-row-block wpforms-one-half\"><input type=\"text\" id=\"wpforms-225-field_0-last\" class=\"wpforms-field-name-last wpforms-field-required\" name=\"wpforms[fields][0][last]\" placeholder=\"Cognome*\" required><label for=\"wpforms-225-field_0-last\" class=\"wpforms-field-sublabel after wpforms-sublabel-hide\">Cognome<\/label><\/div><\/div><\/div><div id=\"wpforms-225-field_1-container\" class=\"wpforms-field wpforms-field-email\" data-field-id=\"1\"><label class=\"wpforms-field-label wpforms-label-hide\" for=\"wpforms-225-field_1\">Come possiamo ricontattarti? <span class=\"wpforms-required-label\">*<\/span><\/label><div class=\"wpforms-field-row wpforms-field-medium\"><div class=\"wpforms-field-row-block wpforms-one-half wpforms-first\"><input type=\"email\" id=\"wpforms-225-field_1\" class=\"wpforms-field-required wpforms-field-email-primary\" name=\"wpforms[fields][1][primary]\" placeholder=\"Email\" spellcheck=\"false\" required><label for=\"wpforms-225-field_1\" class=\"wpforms-field-sublabel after wpforms-sublabel-hide\">Email<\/label><\/div><div class=\"wpforms-field-row-block wpforms-one-half\"><input type=\"email\" id=\"wpforms-225-field_1-secondary\" class=\"wpforms-field-email-secondary wpforms-field-required\" data-rule-confirm=\"#wpforms-225-field_1\" name=\"wpforms[fields][1][secondary]\" placeholder=\"Conferma email\" spellcheck=\"false\" required><label for=\"wpforms-225-field_1-secondary\" class=\"wpforms-field-sublabel after wpforms-sublabel-hide\">Conferma email<\/label><\/div><\/div><\/div><div id=\"wpforms-225-field_4-container\" class=\"wpforms-field wpforms-field-select wpforms-field-select-style-classic\" data-field-id=\"4\"><label class=\"wpforms-field-label\" for=\"wpforms-225-field_4\">Motivo del contatto<\/label><select id=\"wpforms-225-field_4\" class=\"wpforms-field-medium\" name=\"wpforms[fields][4]\"><option value=\"Problemi col sito\"  class=\"choice-1 depth-1\"  >Problemi col sito<\/option><option value=\"Problemi con il software\"  class=\"choice-2 depth-1\"  >Problemi con il software<\/option><option value=\"Servizio student\"  class=\"choice-3 depth-1\"  >Servizio student<\/option><option value=\"Servizio pro\"  class=\"choice-4 depth-1\"  >Servizio pro<\/option><option value=\"Servizio supervisor\"  class=\"choice-5 depth-1\"  >Servizio supervisor<\/option><option value=\"Iscrizione a Rorschach Master\"  class=\"choice-6 depth-1\"  >Iscrizione a Rorschach Master<\/option><\/select><\/div><div id=\"wpforms-225-field_2-container\" class=\"wpforms-field wpforms-field-textarea\" data-field-id=\"2\"><label class=\"wpforms-field-label wpforms-label-hide\" for=\"wpforms-225-field_2\">Commento o messaggio <span class=\"wpforms-required-label\">*<\/span><\/label><textarea id=\"wpforms-225-field_2\" class=\"wpforms-field-medium wpforms-field-required\" name=\"wpforms[fields][2]\" placeholder=\"Dicci tutto!\" required><\/textarea><\/div><\/div><!-- .wpforms-field-container --><div class=\"wpforms-field wpforms-field-hp\"><label for=\"wpforms-225-field-hp\" class=\"wpforms-field-label\">Comment<\/label><input type=\"text\" name=\"wpforms[hp]\" id=\"wpforms-225-field-hp\" class=\"wpforms-field-medium\"><\/div><div class=\"wpforms-recaptcha-container wpforms-is-recaptcha wpforms-is-recaptcha-type-v2\" ><div class=\"g-recaptcha\" data-sitekey=\"6LdiQjEUAAAAAMm6crWp4vEzFhznLqjsPUKMhA-A\"><\/div><input type=\"text\" name=\"g-recaptcha-hidden\" class=\"wpforms-recaptcha-hidden\" style=\"position:absolute!important;clip:rect(0,0,0,0)!important;height:1px!important;width:1px!important;border:0!important;overflow:hidden!important;padding:0!important;margin:0!important;\" data-rule-recaptcha=\"1\"><\/div><div class=\"wpforms-submit-container\" ><input type=\"hidden\" name=\"wpforms[id]\" value=\"225\"><input type=\"hidden\" name=\"page_title\" value=\"\"><input type=\"hidden\" name=\"page_url\" value=\"http:\/\/rorschachstudio.it\/rstudio\/wp-json\/wp\/v2\/pages\/8\"><input type=\"hidden\" name=\"url_referer\" value=\"\"><button type=\"submit\" name=\"wpforms[submit]\" id=\"wpforms-submit-225\" class=\"wpforms-submit\" data-alt-text=\"Invio in corso...\" data-submit-text=\"Invia\" aria-live=\"assertive\" value=\"wpforms-submit\">Invia<\/button><\/div><\/form><\/div>  <!-- .wpforms-container -->\n","protected":false},"excerpt":{"rendered":"<p>Hai controllato lo spam? Noi di Studio Rorschach rispondiamo sempre alle email. Se entro 7 giorni non hai ricevuto una risposta, controlla la casella dello spam . Potresti aver gi\u00e0 ricevuto la tua risposta! Siamo in ferie Persino noi di Studio Rorschach dobbiamo andare in ferie ogni tanto. Le risposte [&hellip;]<\/p>\n","protected":false},"author":1,"featured_media":0,"parent":0,"menu_order":0,"comment_status":"closed","ping_status":"closed","template":"","meta":{"footnotes":""},"class_list":["post-8","page","type-page","status-publish","hentry"],"_links":{"self":[{"href":"http:\/\/rorschachstudio.it\/rstudio\/wp-json\/wp\/v2\/pages\/8","targetHints":{"allow":["GET"]}}],"collection":[{"href":"http:\/\/rorschachstudio.it\/rstudio\/wp-json\/wp\/v2\/pages"}],"about":[{"href":"http:\/\/rorschachstudio.it\/rstudio\/wp-json\/wp\/v2\/types\/page"}],"author":[{"embeddable":true,"href":"http:\/\/rorschachstudio.it\/rstudio\/wp-json\/wp\/v2\/users\/1"}],"replies":[{"embeddable":true,"href":"http:\/\/rorschachstudio.it\/rstudio\/wp-json\/wp\/v2\/comments?post=8"}],"version-history":[{"count":7,"href":"http:\/\/rorschachstudio.it\/rstudio\/wp-json\/wp\/v2\/pages\/8\/revisions"}],"predecessor-version":[{"id":1876,"href":"http:\/\/rorschachstudio.it\/rstudio\/wp-json\/wp\/v2\/pages\/8\/revisions\/1876"}],"wp:attachment":[{"href":"http:\/\/rorschachstudio.it\/rstudio\/wp-json\/wp\/v2\/media?parent=8"}],"curies":[{"name":"wp","href":"https:\/\/api.w.org\/{rel}","templated":true}]}}